{"id":11,"date":"2018-01-15T09:27:51","date_gmt":"2018-01-15T08:27:51","guid":{"rendered":"http:\/\/coldefy.com\/?page_id=11"},"modified":"2023-01-26T15:06:49","modified_gmt":"2023-01-26T14:06:49","slug":"contact","status":"publish","type":"page","link":"https:\/\/coldefy.com\/index.php\/contact\/","title":{"rendered":"Contact \/ Rendez-vous"},"content":{"rendered":"<h3><strong>L&rsquo;hypnose est bien une rencontre,<\/strong><br \/>\n<strong> si vous voulez pousser la porte :<\/strong><\/h3>\n<p><strong>\u00e0 Conflans Sainte Honorine<br \/>\n<\/strong>Du mercredi au vendredi<br \/>\n<a href=\"https:\/\/www.google.fr\/maps\/place\/48+Rue+Victor+Hugo,+78700+Conflans-Sainte-Honorine\/@48.9924737,2.0938804,3a,75y,198.99h,89.16t\/data=!3m7!1e1!3m5!1syjTBKKdzXqk8vwdHgyTelQ!2e0!6s%2F%2Fgeo0.ggpht.com%2Fcbk%3Fpanoid%3DyjTBKKdzXqk8vwdHgyTelQ%26output%3Dthumbnail%26cb_client%3Dsearch.TACTILE.gps%26thumb%3D2%26w%3D86%26h%3D86%26yaw%3D167.85072%26pitch%3D0%26thumbfov%3D100!7i13312!8i6656!4m5!3m4!1s0x47e68a91d4bf4e51:0xa7d0dff90ef16897!8m2!3d48.9924172!4d2.0938574\">48, rue Victor Hugo<\/a><\/p>\n<p>Prenez contact directement<br \/>\n07 67 74 69 11<br \/>\n<a href=\"mailto:hypnose@coldefy.com\">hypnose@coldefy.com<\/a><\/p>\n<p>Prenez rendez-vous <a href=\"https:\/\/www.resalib.fr\/praticien\/8660-david-coldefy-hypnotherapeute-conflans-sainte-honorine#newrdvmodal\" target=\"new\" rel=\"noopener noreferrer\">sur R\u00e9salib<\/a><\/p>\n<p>Tarifs :<br \/>\nS\u00e9ance en cabinet (60 \u00e0 90 minutes) : 80\u20ac<br \/>\nD\u00e9placement \u00e0 votre domicile et\/ou dimanche : + 50%<\/p>\n<p>T\u00e9l\u00e9consultation (skype ou zoom, 60 minutes) : 80\u20ac<\/p>\n<p>Paiement par ch\u00e8que, esp\u00e8ces, carte bancaire et Paypal<\/p>\n<div id=\"attachment_615\" style=\"width: 310px\" class=\"wp-caption alignright\"><img data-recalc-dims=\"1\" loading=\"lazy\" decoding=\"async\" aria-describedby=\"caption-attachment-615\" data-attachment-id=\"615\" data-permalink=\"https:\/\/coldefy.com\/index.php\/2018\/03\/24\/consultations-dhypnotherapie-a-conflans-sainte-honorine\/conflans2\/\" data-orig-file=\"https:\/\/i0.wp.com\/coldefy.com\/wp-content\/uploads\/2018\/03\/conflans2.jpg?fit=5456%2C3632&amp;ssl=1\" data-orig-size=\"5456,3632\" data-comments-opened=\"1\" data-image-meta=\"{&quot;aperture&quot;:&quot;4&quot;,&quot;credit&quot;:&quot;&quot;,&quot;camera&quot;:&quot;ILCE-3000&quot;,&quot;caption&quot;:&quot;&quot;,&quot;created_timestamp&quot;:&quot;1521738116&quot;,&quot;copyright&quot;:&quot;&quot;,&quot;focal_length&quot;:&quot;18&quot;,&quot;iso&quot;:&quot;400&quot;,&quot;shutter_speed&quot;:&quot;0.016666666666667&quot;,&quot;title&quot;:&quot;&quot;,&quot;orientation&quot;:&quot;1&quot;}\" data-image-title=\"conflans2\" data-image-description=\"\" data-image-caption=\"\" data-medium-file=\"https:\/\/i0.wp.com\/coldefy.com\/wp-content\/uploads\/2018\/03\/conflans2.jpg?fit=300%2C200&amp;ssl=1\" data-large-file=\"https:\/\/i0.wp.com\/coldefy.com\/wp-content\/uploads\/2018\/03\/conflans2.jpg?fit=1024%2C682&amp;ssl=1\" class=\"wp-image-615 size-medium\" src=\"https:\/\/i0.wp.com\/coldefy.com\/wp-content\/uploads\/2018\/03\/conflans2-300x200.jpg?resize=300%2C200\" alt=\"cabinet hypnose hypnoth\u00e9rapie \u00e0 Conflans Sainte Honorine\" width=\"300\" height=\"200\" srcset=\"https:\/\/i0.wp.com\/coldefy.com\/wp-content\/uploads\/2018\/03\/conflans2.jpg?resize=300%2C200&amp;ssl=1 300w, https:\/\/i0.wp.com\/coldefy.com\/wp-content\/uploads\/2018\/03\/conflans2.jpg?resize=768%2C511&amp;ssl=1 768w, https:\/\/i0.wp.com\/coldefy.com\/wp-content\/uploads\/2018\/03\/conflans2.jpg?resize=1024%2C682&amp;ssl=1 1024w, https:\/\/i0.wp.com\/coldefy.com\/wp-content\/uploads\/2018\/03\/conflans2.jpg?resize=794%2C528&amp;ssl=1 794w, https:\/\/i0.wp.com\/coldefy.com\/wp-content\/uploads\/2018\/03\/conflans2.jpg?w=2340&amp;ssl=1 2340w, https:\/\/i0.wp.com\/coldefy.com\/wp-content\/uploads\/2018\/03\/conflans2.jpg?w=3510&amp;ssl=1 3510w\" sizes=\"auto, (max-width: 300px) 100vw, 300px\" \/><p id=\"caption-attachment-615\" class=\"wp-caption-text\">cabinet hypnoth\u00e9rapie \u00e0 Conflans Sainte Honorine<\/p><\/div>\n<p>Enfin, je tiens \u00e0 adresser un grand Merci \u00e0 Anne Minon pour ses magnifiques <a href=\"http:\/\/artsgalerie.fr\">toiles<\/a> qui enrichissent si bien mes cadres&#8230;<\/p>\n","protected":false},"excerpt":{"rendered":"<p>L&rsquo;hypnose est bien une rencontre, si vous voulez pousser la porte : \u00e0 Conflans Sainte Honorine Du mercredi au vendredi 48, rue Victor Hugo Prenez contact directement 07 67 74 69 11 hypnose@coldefy.com Prenez rendez-vous sur R\u00e9salib Tarifs : S\u00e9ance en cabinet (60 \u00e0 90 minutes) : 80\u20ac D\u00e9placement \u00e0 votre domicile et\/ou dimanche : [&hellip;]<\/p>\n","protected":false},"author":1,"featured_media":0,"parent":0,"menu_order":3,"comment_status":"closed","ping_status":"closed","template":"","meta":{"_exactmetrics_skip_tracking":false,"_exactmetrics_sitenote_active":false,"_exactmetrics_sitenote_note":"","_exactmetrics_sitenote_category":0,"jetpack_post_was_ever_published":false,"footnotes":""},"yst_prominent_words":[40,122,39,33,31,30,35,44,34,32],"class_list":["post-11","page","type-page","status-publish","hentry"],"jetpack_sharing_enabled":true,"jetpack_shortlink":"https:\/\/wp.me\/P9zM9H-b","jetpack_likes_enabled":true,"jetpack-related-posts":[],"_links":{"self":[{"href":"https:\/\/coldefy.com\/index.php\/wp-json\/wp\/v2\/pages\/11","targetHints":{"allow":["GET"]}}],"collection":[{"href":"https:\/\/coldefy.com\/index.php\/wp-json\/wp\/v2\/pages"}],"about":[{"href":"https:\/\/coldefy.com\/index.php\/wp-json\/wp\/v2\/types\/page"}],"author":[{"embeddable":true,"href":"https:\/\/coldefy.com\/index.php\/wp-json\/wp\/v2\/users\/1"}],"replies":[{"embeddable":true,"href":"https:\/\/coldefy.com\/index.php\/wp-json\/wp\/v2\/comments?post=11"}],"version-history":[{"count":66,"href":"https:\/\/coldefy.com\/index.php\/wp-json\/wp\/v2\/pages\/11\/revisions"}],"predecessor-version":[{"id":944,"href":"https:\/\/coldefy.com\/index.php\/wp-json\/wp\/v2\/pages\/11\/revisions\/944"}],"wp:attachment":[{"href":"https:\/\/coldefy.com\/index.php\/wp-json\/wp\/v2\/media?parent=11"}],"wp:term":[{"taxonomy":"yst_prominent_words","embeddable":true,"href":"https:\/\/coldefy.com\/index.php\/wp-json\/wp\/v2\/yst_prominent_words?post=11"}],"curies":[{"name":"wp","href":"https:\/\/api.w.org\/{rel}","templated":true}]}}