{"id":186,"date":"2018-01-20T17:56:16","date_gmt":"2018-01-20T16:56:16","guid":{"rendered":"http:\/\/coldefy.com\/?page_id=186"},"modified":"2018-03-28T16:32:56","modified_gmt":"2018-03-28T14:32:56","slug":"diplome-en-hypnose-ericksonienne","status":"publish","type":"page","link":"https:\/\/coldefy.com\/index.php\/hypnotherapeute-a-conflans-sainte-honorine-2\/diplome-en-hypnose-ericksonienne\/","title":{"rendered":"dipl\u00f4m\u00e9 en Hypnose Ericksonienne"},"content":{"rendered":"<p>Je suis dipl\u00f4m\u00e9 en Hypnose Ericksonienne, en Nouvelle Hypnose et en PNL \u00e0 l&rsquo;Institut Fran\u00e7ais d&rsquo;hypnose Humaniste et Ericksonienne &#8211; <a href=\"http:\/\/ifhe.net\">IFHE<\/a><\/p>\n<div id=\"attachment_243\" style=\"width: 197px\" class=\"wp-caption alignleft\"><img data-recalc-dims=\"1\" loading=\"lazy\" decoding=\"async\" aria-describedby=\"caption-attachment-243\" data-attachment-id=\"243\" data-permalink=\"https:\/\/coldefy.com\/index.php\/hypnotherapeute-a-conflans-sainte-honorine-2\/diplome-en-hypnose-ericksonienne\/portrait\/\" data-orig-file=\"https:\/\/i0.wp.com\/coldefy.com\/wp-content\/uploads\/2018\/01\/portrait.jpg?fit=640%2C610&amp;ssl=1\" data-orig-size=\"640,610\" data-comments-opened=\"1\" data-image-meta=\"{&quot;aperture&quot;:&quot;5.6&quot;,&quot;credit&quot;:&quot;&quot;,&quot;camera&quot;:&quot;NIKON D610&quot;,&quot;caption&quot;:&quot;&quot;,&quot;created_timestamp&quot;:&quot;1495375326&quot;,&quot;copyright&quot;:&quot;&quot;,&quot;focal_length&quot;:&quot;150&quot;,&quot;iso&quot;:&quot;200&quot;,&quot;shutter_speed&quot;:&quot;0.016666666666667&quot;,&quot;title&quot;:&quot;&quot;,&quot;orientation&quot;:&quot;1&quot;}\" data-image-title=\"portrait\" data-image-description=\"\" data-image-caption=\"\" data-medium-file=\"https:\/\/i0.wp.com\/coldefy.com\/wp-content\/uploads\/2018\/01\/portrait.jpg?fit=300%2C286&amp;ssl=1\" data-large-file=\"https:\/\/i0.wp.com\/coldefy.com\/wp-content\/uploads\/2018\/01\/portrait.jpg?fit=640%2C610&amp;ssl=1\" class=\"wp-image-243\" src=\"https:\/\/i0.wp.com\/coldefy.com\/wp-content\/uploads\/2018\/01\/portrait-300x286.jpg?resize=187%2C178\" alt=\"David Coldefy, dipl\u00f4m\u00e9 en Hypnose Ericksonienne\" width=\"187\" height=\"178\" srcset=\"https:\/\/i0.wp.com\/coldefy.com\/wp-content\/uploads\/2018\/01\/portrait.jpg?resize=300%2C286&amp;ssl=1 300w, https:\/\/i0.wp.com\/coldefy.com\/wp-content\/uploads\/2018\/01\/portrait.jpg?w=640&amp;ssl=1 640w\" sizes=\"auto, (max-width: 187px) 100vw, 187px\" \/><p id=\"caption-attachment-243\" class=\"wp-caption-text\">David Coldefy, hypnoth\u00e9rapeute \u00e0 Boulogne et \u00e0 Conflans<\/p><\/div>\n<p>J&rsquo;ai fait des \u00e9tudes de psychologies \u00e0 l&rsquo;universit\u00e9 de Paris X &#8211; Nanterre (o\u00f9 j&rsquo;ai obtenu une licence). Le monde de l&rsquo;audiovisuel s&rsquo;est ensuite pr\u00e9sent\u00e9 \u00e0 moi&#8230;\u00a0 J&rsquo;y ai \u00e9volu\u00e9 quelques ann\u00e9es.<br \/>\nJ&rsquo;ai ensuite d\u00e9cid\u00e9 de r\u00e9orienter ma vie et de revenir vers mes amours de jeunesse. J&rsquo;avais s\u00fbrement fait le tour de ce que j&rsquo;avais \u00e0 apprendre dans ce milieu assez particulier&#8230;<br \/>\nComprendre l&rsquo;humain, partager des connaissances et un savoir faire pour \u00ab\u00a0aider l&rsquo;autre\u00a0\u00bb sont les moteurs de ce retour aux sources.<\/p>\n<h6>J&rsquo;ai\u00a0 donc d\u00e9cid\u00e9 de me former \u00e0 l&rsquo;hypnose th\u00e9rapeutique<\/h6>\n<p>Parce que ce savoir original permet d&rsquo;avancer diff\u00e9remment sur le chemin de la vie. On peut y apprendre que la vision assez m\u00e9canique que nous avons dans nos soci\u00e9t\u00e9s dites modernes n&rsquo;est pas la seule. Tous les probl\u00e8mes, toutes les questions, tous les dysfonctionnements personnels n&rsquo;ont pas syst\u00e9matiquement une cause unique et identifiable. Il n&rsquo;y a pas toujours \u00e0 \u00ab\u00a0traiter\u00a0\u00bb, si possible par des pilules avec des principes actifs ou par de tr\u00e8s longues th\u00e9rapies&#8230;<br \/>\nIl suffit parfois de chercher diff\u00e9remment \u00e0 aller mieux pour aller mieux. C&rsquo;est ainsi qu&rsquo;on peut m\u00eame trouver des solutions sans jamais conna\u00eetre le probl\u00e8me !<br \/>\nNotre inconscient \u00e0 des ressources extra-ordinaires. L&rsquo;hypnoth\u00e9rapie permet de le mettre, de les mettre en action !<\/p>\n<p>Pour garantir une pratique de qualit\u00e9, j&rsquo;ai \u00e9tudi\u00e9 dans un des meilleurs instituts fran\u00e7ais &#8211; <a href=\"http:\/\/www.ifhe.net\/\">IFHE<\/a> &#8211; pour y \u00eatre dipl\u00f4m\u00e9 en Hypnose Ericksonienne et en <a href=\"http:\/\/www.psychologies.com\/Therapies\/Toutes-les-therapies\/Therapies-breves\/Articles-et-Dossiers\/La-PNL-ou-programmation-neuro-linguistique\">PNL<\/a><\/p>\n<p>L&rsquo;hypnoth\u00e9rapie, est une rencontre. C&rsquo;est aussi pour nous permettre de nous rencontrer facilement sans vous engager que j&rsquo;organise une fois par mois une table ronde de d\u00e9couverte de l&rsquo;hypnoth\u00e9rapie. Vous avez peut \u00eatre des questions et des interrogations sur l&rsquo;hypnose, l&rsquo;hypnoth\u00e9rapie, l&rsquo;hypno-coaching&#8230; N\u2019h\u00e9sitez pas \u00e0 venir m&rsquo;interroger. Vous pouvez aussi me <a href=\"http:\/\/coldefy.com\/index.php\/contact\/\">contacter<\/a>\u00a0directement, je reviendrai vers vous dans les meilleurs d\u00e9lais.<\/p>\n","protected":false},"excerpt":{"rendered":"<p>Je suis dipl\u00f4m\u00e9 en Hypnose Ericksonienne, en Nouvelle Hypnose et en PNL \u00e0 l&rsquo;Institut Fran\u00e7ais d&rsquo;hypnose Humaniste et Ericksonienne &#8211; IFHE J&rsquo;ai fait des \u00e9tudes de psychologies \u00e0 l&rsquo;universit\u00e9 de Paris X &#8211; Nanterre (o\u00f9 j&rsquo;ai obtenu une licence). Le monde de l&rsquo;audiovisuel s&rsquo;est ensuite pr\u00e9sent\u00e9 \u00e0 moi&#8230;\u00a0 J&rsquo;y ai \u00e9volu\u00e9 quelques ann\u00e9es. J&rsquo;ai ensuite [&hellip;]<\/p>\n","protected":false},"author":1,"featured_media":0,"parent":55,"menu_order":0,"comment_status":"closed","ping_status":"closed","template":"","meta":{"_exactmetrics_skip_tracking":false,"_exactmetrics_sitenote_active":false,"_exactmetrics_sitenote_note":"","_exactmetrics_sitenote_category":0,"jetpack_post_was_ever_published":false,"footnotes":""},"yst_prominent_words":[],"class_list":["post-186","page","type-page","status-publish","hentry"],"jetpack_sharing_enabled":true,"jetpack_shortlink":"https:\/\/wp.me\/P9zM9H-30","jetpack_likes_enabled":true,"jetpack-related-posts":[],"_links":{"self":[{"href":"https:\/\/coldefy.com\/index.php\/wp-json\/wp\/v2\/pages\/186","targetHints":{"allow":["GET"]}}],"collection":[{"href":"https:\/\/coldefy.com\/index.php\/wp-json\/wp\/v2\/pages"}],"about":[{"href":"https:\/\/coldefy.com\/index.php\/wp-json\/wp\/v2\/types\/page"}],"author":[{"embeddable":true,"href":"https:\/\/coldefy.com\/index.php\/wp-json\/wp\/v2\/users\/1"}],"replies":[{"embeddable":true,"href":"https:\/\/coldefy.com\/index.php\/wp-json\/wp\/v2\/comments?post=186"}],"version-history":[{"count":26,"href":"https:\/\/coldefy.com\/index.php\/wp-json\/wp\/v2\/pages\/186\/revisions"}],"predecessor-version":[{"id":632,"href":"https:\/\/coldefy.com\/index.php\/wp-json\/wp\/v2\/pages\/186\/revisions\/632"}],"up":[{"embeddable":true,"href":"https:\/\/coldefy.com\/index.php\/wp-json\/wp\/v2\/pages\/55"}],"wp:attachment":[{"href":"https:\/\/coldefy.com\/index.php\/wp-json\/wp\/v2\/media?parent=186"}],"wp:term":[{"taxonomy":"yst_prominent_words","embeddable":true,"href":"https:\/\/coldefy.com\/index.php\/wp-json\/wp\/v2\/yst_prominent_words?post=186"}],"curies":[{"name":"wp","href":"https:\/\/api.w.org\/{rel}","templated":true}]}}