{"id":55,"date":"2018-01-16T09:23:07","date_gmt":"2018-01-16T08:23:07","guid":{"rendered":"http:\/\/coldefy.com\/?page_id=55"},"modified":"2025-01-01T11:11:53","modified_gmt":"2025-01-01T10:11:53","slug":"hypnotherapeute-a-conflans-sainte-honorine-2","status":"publish","type":"page","link":"https:\/\/coldefy.com\/","title":{"rendered":"Hypnoth\u00e9rapeute \u00e0 Conflans-Sainte-Honorine"},"content":{"rendered":"<h2 style=\"text-align: center;\"><strong>Hypnoth\u00e9rapeute\u00a0&#8230;<\/strong><\/h2>\n<p>Hypnoth\u00e9rapeute \u00e0 Conflans-Sainte-Honorine. Je vous propose une approche diff\u00e9rente et novatrice pour r\u00e9soudre vos probl\u00e8mes personnels (arr\u00eat du tabac, perte de confiance en soi, gestion du poids, allergies, phobies&#8230;)\u00a0 ou professionnels (redonner de l&rsquo;assurance en public, gestion du stress&#8230;)<\/p>\n<p style=\"text-align: center;\"><strong><a href=\"https:\/\/www.resalib.fr\/praticien\/8660-david-coldefy-hypnotherapeute-conflans-sainte-honorine#newrdvmodal\">prendre rendez-vous \u00e0 Conflans<\/a><\/strong><\/p>\n<p style=\"text-align: justify;\">Vous avez peut-\u00eatre essay\u00e9 de nombreuses solutions sans jamais trouver de r\u00e9ponse valable. L&rsquo;hypnose th\u00e9rapeutique est fondamentalement diff\u00e9rente des approches traditionnelles, elle agit directement sur une source extra ordinaire de solutions : votre inconscient. Ainsi elle vous donne les moyens de r\u00e9tablir votre \u00e9quilibre et votre bien-\u00eatre.<\/p>\n<div id=\"attachment_616\" style=\"width: 209px\" class=\"wp-caption aligncenter\"><img data-recalc-dims=\"1\" loading=\"lazy\" decoding=\"async\" aria-describedby=\"caption-attachment-616\" data-attachment-id=\"616\" data-permalink=\"https:\/\/coldefy.com\/index.php\/2018\/03\/24\/consultations-dhypnotherapie-a-conflans-sainte-honorine\/conflans1\/\" data-orig-file=\"https:\/\/i0.wp.com\/coldefy.com\/wp-content\/uploads\/2018\/03\/conflans1.jpg?fit=3434%2C5170&amp;ssl=1\" data-orig-size=\"3434,5170\" data-comments-opened=\"1\" data-image-meta=\"{&quot;aperture&quot;:&quot;4.5&quot;,&quot;credit&quot;:&quot;&quot;,&quot;camera&quot;:&quot;ILCE-3000&quot;,&quot;caption&quot;:&quot;&quot;,&quot;created_timestamp&quot;:&quot;1521738935&quot;,&quot;copyright&quot;:&quot;&quot;,&quot;focal_length&quot;:&quot;21&quot;,&quot;iso&quot;:&quot;1000&quot;,&quot;shutter_speed&quot;:&quot;0.02&quot;,&quot;title&quot;:&quot;&quot;,&quot;orientation&quot;:&quot;1&quot;}\" data-image-title=\"conflans1\" data-image-description=\"\" data-image-caption=\"\" data-medium-file=\"https:\/\/i0.wp.com\/coldefy.com\/wp-content\/uploads\/2018\/03\/conflans1.jpg?fit=199%2C300&amp;ssl=1\" data-large-file=\"https:\/\/i0.wp.com\/coldefy.com\/wp-content\/uploads\/2018\/03\/conflans1.jpg?fit=680%2C1024&amp;ssl=1\" class=\"wp-image-616 size-medium\" src=\"https:\/\/i0.wp.com\/coldefy.com\/wp-content\/uploads\/2018\/03\/conflans1-199x300.jpg?resize=199%2C300\" alt=\"cabinet de David Coldefy hypnoth\u00e9rapeute \u00e0 Conflans-Sainte-Honorine 78700\" width=\"199\" height=\"300\" srcset=\"https:\/\/i0.wp.com\/coldefy.com\/wp-content\/uploads\/2018\/03\/conflans1.jpg?resize=199%2C300&amp;ssl=1 199w, https:\/\/i0.wp.com\/coldefy.com\/wp-content\/uploads\/2018\/03\/conflans1.jpg?resize=768%2C1156&amp;ssl=1 768w, https:\/\/i0.wp.com\/coldefy.com\/wp-content\/uploads\/2018\/03\/conflans1.jpg?resize=680%2C1024&amp;ssl=1 680w, https:\/\/i0.wp.com\/coldefy.com\/wp-content\/uploads\/2018\/03\/conflans1.jpg?w=2340&amp;ssl=1 2340w\" sizes=\"auto, (max-width: 199px) 100vw, 199px\" \/><p id=\"caption-attachment-616\" class=\"wp-caption-text\">cabinet de David Coldefy hypnoth\u00e9rapeute \u00e0 Conflans-Sainte-Honorine 78700<\/p><\/div>\n<p>Hypnoth\u00e9rapeute form\u00e9 dans une des <a href=\"http:\/\/ifhe.net\">meilleures \u00e9coles fran\u00e7aises<\/a>, dipl\u00f4m\u00e9 en <a href=\"http:\/\/www.conflans.coldefy.com\/index.php\/hypnose78700\/les-formes-dhypnose\/\">Hypnose Ericksonnienne<\/a>, en <a href=\"http:\/\/www.conflans.coldefy.com\/index.php\/hypnose78700\/les-formes-dhypnose\/\">Nouvelle Hypnose<\/a> et en <a href=\"http:\/\/www.hypnose-humaniste.com\/lhypnose-humaniste-en-quelques-mots\/\">Hypnose Humaniste<\/a>, je porte la plus grande attention \u00e0 comprendre la personne que vous \u00eates. Et \u00e0 celle que vous voulez devenir. C&rsquo;est ce qui rend unique chacune de mes rencontre et anime toujours autant ma passion en tant que praticien.<\/p>\n<p>Je suis <a href=\"http:\/\/coldefy.com\/index.php\/hypnotherapeute-a-boulogne-billancourt\/ethique-pratique\/\">adh\u00e9rent au Syndicat National des Hypnoth\u00e9rapeutes<\/a>\u00a0afin de vous garantir un cadre professionnel et rassurant.<\/p>\n<p style=\"text-align: justify;\">Nos probl\u00e8mes sont souvent le fruit\u00a0de conflits internes. Ainsi, nous sommes parfois bloqu\u00e9s dans des fonctionnements d\u00e9sagr\u00e9ables (addictions, prise de poids&#8230;). Il nous est parfois impossible de mettre en place les comportements auxquels nous aspirons (sport, examens&#8230;). Le corps a aussi des r\u00e9actions inad\u00e9quates (allergies, stress&#8230;). Lorsque nous sommes en d\u00e9calage avec nous m\u00eame, l&rsquo;hypnose peut vous aider.<\/p>\n<p style=\"text-align: justify;\">\n","protected":false},"excerpt":{"rendered":"<p>Hypnoth\u00e9rapeute\u00a0&#8230; Hypnoth\u00e9rapeute \u00e0 Conflans-Sainte-Honorine. Je vous propose une approche diff\u00e9rente et novatrice pour r\u00e9soudre vos probl\u00e8mes personnels (arr\u00eat du tabac, perte de confiance en soi, gestion du poids, allergies, phobies&#8230;)\u00a0 ou professionnels (redonner de l&rsquo;assurance en public, gestion du stress&#8230;) prendre rendez-vous \u00e0 Conflans Vous avez peut-\u00eatre essay\u00e9 de nombreuses solutions sans jamais trouver de [&hellip;]<\/p>\n","protected":false},"author":1,"featured_media":0,"parent":0,"menu_order":0,"comment_status":"closed","ping_status":"closed","template":"","meta":{"_exactmetrics_skip_tracking":false,"_exactmetrics_sitenote_active":false,"_exactmetrics_sitenote_note":"","_exactmetrics_sitenote_category":0,"jetpack_post_was_ever_published":false,"footnotes":""},"yst_prominent_words":[26,17,24,21,14,51,16,25,18,20,27],"class_list":["post-55","page","type-page","status-publish","hentry"],"jetpack_sharing_enabled":true,"jetpack_shortlink":"https:\/\/wp.me\/P9zM9H-T","jetpack_likes_enabled":true,"jetpack-related-posts":[],"_links":{"self":[{"href":"https:\/\/coldefy.com\/index.php\/wp-json\/wp\/v2\/pages\/55","targetHints":{"allow":["GET"]}}],"collection":[{"href":"https:\/\/coldefy.com\/index.php\/wp-json\/wp\/v2\/pages"}],"about":[{"href":"https:\/\/coldefy.com\/index.php\/wp-json\/wp\/v2\/types\/page"}],"author":[{"embeddable":true,"href":"https:\/\/coldefy.com\/index.php\/wp-json\/wp\/v2\/users\/1"}],"replies":[{"embeddable":true,"href":"https:\/\/coldefy.com\/index.php\/wp-json\/wp\/v2\/comments?post=55"}],"version-history":[{"count":71,"href":"https:\/\/coldefy.com\/index.php\/wp-json\/wp\/v2\/pages\/55\/revisions"}],"predecessor-version":[{"id":970,"href":"https:\/\/coldefy.com\/index.php\/wp-json\/wp\/v2\/pages\/55\/revisions\/970"}],"wp:attachment":[{"href":"https:\/\/coldefy.com\/index.php\/wp-json\/wp\/v2\/media?parent=55"}],"wp:term":[{"taxonomy":"yst_prominent_words","embeddable":true,"href":"https:\/\/coldefy.com\/index.php\/wp-json\/wp\/v2\/yst_prominent_words?post=55"}],"curies":[{"name":"wp","href":"https:\/\/api.w.org\/{rel}","templated":true}]}}